rt 3896 (base 15) to base 4.
2330202
Convert -100010010010101 (base 2) to base 10.
-17557
134130 (base 6) to base 12
7346
Convert -13 (base 8) to base 6.
-15
-14676 (base 14) to base 13
-1a0ab
What is -42003 (base 5) in base 12?
-1715
What is 135520 (base 6) in base 15?
3c76
Convert -1000011101100010 (base 2) to base 6.
-424242
What is -5007 (base 9) in base 4?
-321010
Convert 2de4 (base 15) to base 10.
9889
Convert -714b (base 15) to base 2.
-101110101110001
Convert -14230 (base 5) to base 4.
-102212
-2288 (base 9) to base 11
-1306
What is 50363 (base 9) in base 7?
165342
1075 (base 8) to base 3
210020
What is -527 (base 16) in base 3?
-1210212
Convert -804 (base 13) to base 15.
-606
What is 6258 (base 13) in base 8?
32431
10010101100 (base 2) to base 12
838
What is -47860 (base 9) in base 5?
-2011144
-151 (base 6) to base 10
-67
-40 (base 6) to base 4
-120
-3dcd (base 14) to base 5
-322321
6371 (base 8) to base 7
12453
100000100111 (base 2) to base 16
827
What is -11488 (base 13) in base 3?
-1121021101
What is -b2 (base 13) in base 9?
-171
What is 25562 (base 7) in base 6?
51302
ce56 (base 15) to base 13
16b9c
What is -1020112 (base 6) in base 7?
-263465
What is 4030 (base 6) in base 5?
12012
What is 13130 (base 4) in base 3?
122122
Convert -2323001 (base 4) to base 7.
-46616
Convert -232603 (base 7) to base 3.
-2010100011
Convert -5b (base 13) to base 11.
-6a
What is 698 (base 10) in base 12?
4a2
Convert -6aa (base 13) to base 5.
-14104
Convert -181e (base 16) to base 8.
-14036
What is -c42 (base 14) in base 8?
-4552
What is 16304 (base 9) in base 11?
8446
4bb2 (base 12) to base 10
8630
Convert 2563 (base 11) to base 8.
6410
Convert -1212010100 (base 3) to base 5.
-2132130
Convert 513 (base 11) to base 14.
323
Convert 101212010 (base 3) to base 8.
17352
Convert 2575 (base 15) to base 4.
1330301
What is -110101101 (base 2) in base 9?
-526
What is -c9b (base 15) in base 10?
-2846
Convert 1033013 (base 4) to base 2.
1001111000111
Convert 27b (base 15) to base 3.
202222
Convert c32c (base 13) to base 15.
7e8e
532 (base 10) to base 12
384
What is 34003 (base 5) in base 7?
6635
What is 21302 (base 4) in base 12?
442
Convert -5724 (base 14) to base 8.
-35424
51a2 (base 15) to base 8
41544
-200200100 (base 3) to base 6
-143013
-10100001010111 (base 2) to base 13
-4915
What is 10 (base 9) in base 3?
100
What is -3d2 (base 15) in base 8?
-1550
Convert 7672 (base 10) to base 4.
1313320
11032 (base 4) to base 2
101001110
2032 (base 9) to base 10
1487
-2709 (base 16) to base 4
-2130021
Convert 13279 (base 13) to base 9.
53734
-1110110010 (base 2) to base 10
-946
-30103333 (base 4) to base 11
-34987
Convert 1523 (base 11) to base 5.
30321
Convert 25001 (base 6) to base 8.
7131
-5060 (base 7) to base 16
-6dd
What is 2198 (base 13) in base 5?
122223
What is -102221020 (base 3) in base 8?
-20774
7525 (base 8) to base 14
1605
-111b (base 14) to base 5
-43330
-158 (base 13) to base 6
-1042
-a6b (base 13) to base 3
-2102220
What is 4160 (base 7) in base 10?
1463
What is 101100000000 (base 2) in base 3?
10212022
Convert 4178 (base 12) to base 9.
10722
-400020 (base 5) to base 9
-18140
16db (base 14) to base 2
1000000010001
What is 6408 (base 10) in base 16?
1908
123014 (base 6) to base 11
8314
What is 368 (base 14) in base 12?
488
What is 387b (base 16) in base 6?
150535
8387 (base 11) to base 3
120020100
Convert 13de4 (base 15) to base 9.
106567
Convert 16411 (base 12) to base 3.
1121110211
Convert -50022 (base 7) to base 9.
-17436
2a37 (base 15) to base 16
235c
Convert 1111110111 (base 2) to base 3.
1101121
Convert 195a1 (base 11) to base 16.
6ac8
27a (base 13) to base 8
667
-40214 (base 7) to base 14
-377b
23232 (base 6) to base 3
11120102
Convert 11315 (base 7) to base 15.
cd8
What is 10302311 (base 4) in base 14?
7229
Convert -3322 (base 4) to base 16.
-fa
What is -975d (base 15) in base 13?
-11776
What is -14360 (base 13) in base 3?
-1221000222
-9be (base 15) to base 2
-100010011100
12e6 (base 15) to base 9
5480
What is 752 (base 15) in base 13?
9a1
What is -1344 (base 8) in base 12?
-518
-1000101011101 (base 2) to base 12
-26a5
What is -406 (base 11) in base 3?
-200011
Convert 13d (base 14) to base 10.
251
-17d3 (base 16) to base 13
-2a12
805 (base 11) to base 10
973
Convert -1322 (base 4) to base 12.
-a2
What is 1700 (base 9) in base 6?
10000
What is 10 (base 14) in base 10?
14
Convert -1466 (base 10) to base 11.
-1113
-19091 (base 10) to base 2
-100101010010011
333402 (base 5) to base 12
6953
Convert -2269 (base 11) to base 14.
-112b
101000100011 (base 2) to base 4
220203
Convert -11199 (base 12) to base 14.
-83d3
What is 1010323 (base 5) in base 16?
3fd2
1613 (base 13) to base 10
3227
Convert 435124 (base 6) to base 9.
54487
Convert -21234 (base 5) to base 14.
-752
What is 720 (base 9) in base 6?
2413
What is 22222022 (base 3) in base 9?
8868
Convert 133013 (base 4) to base 12.
119b
What is 1317 (base 13) in base 5?
41344
Convert 6781 (base 15) to base 4.
11112322
What is 1121b (base 12) in base 10?
22775
1a54 (base 11) to base 9
3508
What is 1111110001 (base 2) in base 11?
838
What is -17276 (base 9) in base 14?
-4499
What is 2398 (base 10) in base 14?
c34
4c (base 16) to base 7
136
What is 778 (base 12) in base 9?
1452
What is -20010111 (base 3) in base 4?
-1011310
What is 10361 (base 9) in base 16?
1acb
Convert 1131444 (base 5) to base 8.
50612
10212 (base 4) to base 3
101220
-2100340 (base 5) to base 7
-202332
Convert 1214112 (base 5) to base 2.
101100111111000
-7b63 (base 13) to base 6
-212103
What is 1247 (base 9) in base 12?
65a
What is 4420243 (base 5) in base 8?
225043
3058 (base 10) to base 5
44213
Convert 781 (base 13) to base 16.
508
-18c17 (base 13) to base 6
-1011025
What is 101414 (base 5) in base 13?
16b5
Convert 824 (base 10) to base 11.
68a
2774 (base 11) to base 6
24342
-3080 (base 13) to base 7
-25343
What is -4244 (base 10) in base 7?
-15242
What is -1233004 (base 5) in base 4?
-11321001
-1100001101100011 (base 2) to base 6
-1023323
What is 11d (base 14) in base 15?
ed
Convert -12011102 (base 4) to base 3.
-1021011202
What is 319 (base 10) in base 8?
477
What is 11110000101101 (base 2) in base 5?
443110
Convert -18688 (base 12) to base 5.
-2114103
-347 (base 8) to base 16
-e7
What is 423432 (base 5) in base 11?
a778
Convert a (base 12) to base 14.
a
What is 2660 (base 12) in base 2?
1000100101000
1240 (base 9) to base 8
1637
What is -11221120 (base 3) in base 10?
-3606
What is -10111 (base 2) in base 7?
-32
What is -32031 (base 4) in base 13?
-54c
-10001020 (base 3) to base 13
-101a
1e94 (base 15) to base 12
3a34
Convert -38 (base 13) to base 16.
-2f
7b7 (base 16) to base 5
30400
Convert -50522 (base 8) to base 10.
-20818
Convert -1c6 (base 13) to base 5.
-2311
What is -7b6 (base 15) in base 2?
-11011010010
What is -3dc (base 15) in base 5?
-12012
66 (base 13) to base 5
314
What is 8a41 (base 12) in base 10?
15313
What is -12001 (base 5) in base 2?
-1101101100
Convert -155 (base 6) to base 2.
-1000111
What is 2022022 (base 3) in base 10?
1682
Convert 10203200 (base 4) to base 14.
6b28
Convert -143545 (base 7) to base 4.
-12301012
Convert 410 (base 11) to base 3.
200100
13002 (base 6) to base 14
9d0
What is 6a63 (base 12) in base 8?
27153
1001000010 (base 2) to base 4
21002
What is 3200 (base 8) in base 12?
b68
100011010000 (base 2) to base 16
8d0
110130 (base 5) to base 15
11ca
Convert -172 (base 13) to base 9.
-321
What is -8749 (base 10) in base 6?
-104301
What is -110110111111 (base 2) in base 7?
-13155
Convert -2342 (base 7) to base 14.
-459
-13a (base 11) to base 9
-202
What is -126b (base 14) in base 15?
-e56
What is 3134 (base 7) in base 2?
10001001111
What is 1101110110001 (base 2) in base 12?
4129
Convert 4824 (base 14) to base 2.
11000100100000
What is 30b (base 12) in base 14?
239
-6105 (base 11) to base 2
-1111110110000
-134011 (base 5) to base 6
-41254
Convert -ad (base 14) to base 15.
-a3
1000100011 (base 2) to base 13
331
What is -82 (base 9) in base 8?
-112
What is -101 (base 14) in base 16?
-c5
-11711 (base 8) to base 3
-20221121
Convert 8288 (base 9) to base 13.
29c3
Convert -5073 (base 13) to base 8.
-25507
What is -2471 (base 9) in base 12?
-109a
What is -2121 (base 5) in base 9?
-347
204220 (base 5) to ba